08.
222
Calculate the greatest common divisor of 760842 and 8299.
43
Calculate the greatest common factor of 1275 and 44838975.
75
What is the highest common factor of 10625758 and 5512?
1378
What is the greatest common divisor of 13965 and 10037415?
285
Calculate the greatest common factor of 27001499 and 245.
49
What is the highest common divisor of 6083910 and 560?
70
Calculate the highest common divisor of 33 and 1219119.
33
What is the greatest common factor of 296 and 3616417?
37
Calculate the highest common divisor of 5032 and 2398139.
17
Calculate the highest common divisor of 22243 and 63011351.
767
What is the highest common factor of 911816 and 1122776?
2344
Calculate the highest common divisor of 241918 and 8497058.
2494
Calculate the highest common factor of 470 and 574110.
10
What is the greatest common divisor of 44 and 6831682?
22
Calculate the highest common factor of 41359182 and 168.
6
Calculate the highest common divisor of 110680 and 1510.
10
What is the greatest common divisor of 360395 and 40915865?
7355
Calculate the highest common divisor of 1417 and 63380993.
1417
Calculate the greatest common divisor of 369588 and 210730.
3242
What is the greatest common factor of 42318433 and 371?
53
Calculate the greatest common factor of 18300 and 24312160.
1220
Calculate the highest common factor of 1850944 and 4400.
16
What is the highest common factor of 60737660 and 1420?
1420
Calculate the highest common factor of 6902725 and 11600.
725
Calculate the greatest common divisor of 44049375 and 475.
25
What is the highest common factor of 26248 and 288960951?
3281
Calculate the highest common divisor of 39676 and 1851583.
109
Calculate the highest common factor of 3621 and 6995559.
213
Calculate the highest common divisor of 9775849 and 267.
89
What is the greatest common factor of 46370388 and 60?
12
Calculate the greatest common factor of 1975 and 27249200.
25
Calculate the greatest common factor of 5827612 and 98.
14
Calculate the highest common divisor of 269 and 5893252.
269
Calculate the highest common factor of 9137240 and 420.
140
Calculate the greatest common divisor of 2320 and 42043160.
40
What is the greatest common divisor of 35 and 86572535?
35
Calculate the greatest common divisor of 342758 and 6292.
26
What is the highest common factor of 2044 and 67032?
28
Calculate the highest common factor of 15000 and 4045800.
600
Calculate the greatest common divisor of 842523 and 11044638.
3993
What is the highest common divisor of 17 and 414670001?
17
Calculate the highest common factor of 1 and 35835913.
1
What is the greatest common divisor of 53683550 and 50?
50
What is the greatest common factor of 2078091 and 185931?
657
Calculate the highest common divisor of 208 and 142916436.
52
Calculate the highest common factor of 22 and 1792918.
2
What is the highest common factor of 19184 and 29968?
16
Calculate the highest common divisor of 15412956 and 1482.
78
Calculate the highest common divisor of 1702 and 73462.
46
What is the greatest common divisor of 3871605 and 15?
15
Calculate the highest common factor of 6107852 and 328.
164
What is the greatest common divisor of 182664 and 23400?
72
Calculate the highest common divisor of 2 and 243380244.
2
Calculate the greatest common factor of 2094652 and 5292.
196
Calculate the greatest common divisor of 160455 and 1178.
19
Calculate the highest common divisor of 360 and 17814744.
72
Calculate the greatest common factor of 98511 and 131187.
21
What is the highest common divisor of 792 and 251955?
99
Calculate the highest common divisor of 97761 and 18558.
3
Calculate the highest common divisor of 6110 and 3907546630.
6110
Calculate the highest common divisor of 61787 and 1581206.
451
Calculate the greatest common factor of 22014 and 30.
6
What is the greatest common factor of 23474 and 12067?
11
What is the greatest common divisor of 802 and 380715014?
802
Calculate the highest common divisor of 5976 and 44073.
747
What is the highest common divisor of 1426276 and 2220?
148
What is the greatest common factor of 24764953 and 4776?
199
Calculate the greatest common factor of 4759958 and 280.
14
Calculate the highest common factor of 2704 and 1146584.
8
Calculate the greatest common divisor of 110091251 and 134.
67
What is the greatest common factor of 24 and 26292684?
12
Calculate the highest common divisor of 119212724 and 404.
404
Calculate the greatest common factor of 67609815 and 7098.
273
What is the greatest common divisor of 111904 and 7872?
32
What is the greatest common divisor of 4491063 and 10602?
279
Calculate the highest common divisor of 17762558 and 287738.
7018
What is the highest common factor of 532 and 499219?
7
Calculate the greatest common divisor of 19098 and 969754.
2122
Calculate the highest common divisor of 3416592 and 21804.
948
Calculate the highest common factor of 1440 and 7373280.
480
Calculate the highest common divisor of 31595940 and 540.
540
Calculate the highest common divisor of 7854 and 1166.
22
Calculate the highest common divisor of 2019 and 649521722.
673
Calculate the highest common factor of 4016808 and 10998.
846
What is the greatest common divisor of 2049157 and 37664?
1177
What is the greatest common factor of 29649629 and 8351?
1193
What is the highest common divisor of 76560 and 8624?
176
What is the highest common divisor of 165963520 and 2560?
1280
What is the greatest common divisor of 220 and 17469892?
44
Calculate the highest common divisor of 22544159 and 1683.
187
Calculate the highest common factor of 21235632 and 1332.
444
What is the highest common factor of 706354 and 14841?
97
Calculate the highest common divisor of 675892 and 3232.
404
What is the greatest common divisor of 18642458 and 1406?
38
What is the greatest common divisor of 276 and 268116?
12
What is the greatest common divisor of 388190 and 7810?
110
Calculate the greatest common divisor of 4068 and 11573172.
36
What is the greatest common divisor of 145673 and 4654430?
3553
Calculate the highest common factor of 51245 and 2089965.
1385
What is the greatest common divisor of 16041395 and 48785?
4435
Calculate the greatest common factor of 190 and 36442532.
38
What is the greatest common divisor of 468445802 and 5156?
2578
Calculate the highest common divisor of 3027773219 and 34.
17
What is the highest common factor of 12 and 10177428?
12
What is the highest common divisor of 2308100 and 1300?
100
Calculate the greatest common factor of 1884156 and 1212.
12
Calculate the highest common factor of 108555590 and 55.
55
Calculate the greatest common factor of 77661 and 3132.
9
What is the greatest common divisor of 26380740 and 12445?
95
Calculate the greatest common factor of 101567034 and 162.
162
What is the highest common factor of 282 and 47416326?
282
Calculate the greatest common factor of 14890 and 11995.
5
Calculate the greatest common divisor of 26386272 and 9504.
3168
Calculate the highest common factor of 2317943548 and 1016.
508
Calculate the greatest common divisor of 11361 and 152286631.
3787
What is the highest common divisor of 9914985 and 180?
45
What is the highest common factor of 312 and 26867048?
104
What is the greatest common divisor of 592 and 90946?
74
What is the highest common divisor of 111387220 and 80?
20
What is the greatest common divisor of 257553 and 14472?
27
Calculate the highest common divisor of 2388260 and 8624.
196
Calculate the greatest common factor of 2265 and 10105071.
453
Calculate the greatest common factor of 128365 and 3590.
5
Calculate the highest common factor of 5298 and 3138.
6
Calculate the highest common factor of 245 and 10160346.
49
What is the highest common divisor of 3069 and 2808828?
99
What is the greatest common divisor of 1726575 and 375?
75
Calculate the highest common divisor of 164923 and 122177.
319
Calculate the highest common factor of 1046240 and 14326.
26
Calculate the greatest common factor of 13441924 and 991.
991
What is the greatest common divisor of 18576 and 90171?
387
What is the greatest common factor of 18028257 and 78?
39
Calculate the highest common divisor of 4504048 and 3997.
571
What is the greatest common divisor of 30 and 105320265?
15
What is the highest common factor of